p) = p**3 + 6*p**2 + 2. Calculate h(-6).
2
Let p(w) = 11*w - 3. Give p(0).
-3
Let j(g) = 6*g**2 + 71*g - 15. What is j(-12)?
-3
Let i(b) = 3*b. Give i(0).
0
Let v(g) = g**3 - 23*g**2 - 24*g + 19. Give v(24).
19
Let j(b) = 7*b + 3. Determine j(-3).
-18
Let p(v) = -2*v**2 - 31*v - 13. Give p(-15).
2
Let z(j) = 2*j + 35. Calculate z(-13).
9
Let p(k) = k**3 + 46*k**2. Calculate p(-46).
0
Let b(h) = 2*h + 5. Calculate b(0).
5
Let j(z) = -11*z - 9. Calculate j(-9).
90
Let n(o) = 8*o + 117. Determine n(-15).
-3
Let w(z) = -8*z - 1. Calculate w(-6).
47
Let z(d) = -d**2 - 21*d + 28. What is z(-22)?
6
Let w(h) = 2*h**2 + 182*h + 181. Calculate w(-1).
1
Let o(x) = -8*x + 1. Determine o(2).
-15
Let c(p) = 6*p**2 + 2*p + 4. Determine c(-4).
92
Let q(x) = -7*x - 121. What is q(-17)?
-2
Let q(j) = -2*j**3 - j - 26. Give q(0).
-26
Let s(b) = -6*b**2 - 160*b - 100. Determine s(-26).
4
Let o(p) = p**2 - 12*p. Calculate o(10).
-20
Let b(v) = -v**3 - 8*v**2 - 10*v - 4. Determine b(-7).
17
Let g(z) = 13*z - 146. What is g(10)?
-16
Let h(g) = -2*g**3 - 16*g**2 + 16*g - 18. Give h(-9).
0
Let n(x) = -35*x + 143. What is n(5)?
-32
Let f(h) = -2*h**3 - 3*h**2 + 2*h + 1. Determine f(2).
-23
Let h(p) = -59*p**3 + p**2 + 7*p + 6. Calculate h(-1).
59
Let k(x) = x + 27. What is k(27)?
54
Let a(b) = 50*b**2 - b - 2. What is a(-1)?
49
Let n(r) = r**3 - 4*r**2 + r - 4. What is n(2)?
-10
Let v(s) = 2*s**2 + 19*s + 15. What is v(-9)?
6
Let h(b) = -2*b**2. What is h(1)?
-2
Let v(h) = 4*h**3 - 1. What is v(1)?
3
Let z(k) = 2*k**3 + 13*k**2 - 8*k + 4. Determine z(-7).
11
Let b(s) = -s**2 - 5*s - 8. Determine b(-6).
-14
Let c(w) = -15*w + 37. What is c(3)?
-8
Let d(f) = -f**2 + 5*f. What is d(-1)?
-6
Let s(o) = 4*o + 8. Give s(-3).
-4
Let m(u) = 44*u**2 + u. Determine m(-1).
43
Let d(z) = -z**3 + 8*z**2 - 10*z + 8. Give d(7).
-13
Let v(f) = -16*f - 86. Calculate v(-5).
-6
Let r(n) = n**3 + 14*n**2 + 11*n - 20. Calculate r(-13).
6
Let y(k) = 3*k**2 + 18*k + 30. Give y(-2).
6
Let i(c) = -13*c. What is i(-1)?
13
Let r(s) = -15*s. Determine r(1).
-15
Let v(m) = 5*m**3 - 3*m - 1. Calculate v(-2).
-35
Let d(m) = -13*m - 132. Determine d(-10).
-2
Let w(z) = 4*z**2 + 3*z + 46. Determine w(-6).
172
Let x(j) = j**2 + 12*j + 26. What is x(-7)?
-9
Let g(x) = 4*x - 12. Determine g(0).
-12
Let c(v) = 123*v**2 + 12*v - 13. Give c(1).
122
Let z(s) = -4*s**2 + 14*s + 52. What is z(6)?
-8
Let a(t) = 3*t**3 - 47*t**2 + 74*t - 61. Calculate a(14).
-5
Let w(a) = a**3 + 4*a**2 - 7*a - 10. Calculate w(-6).
-40
Let m(u) = 5*u**2 - 59*u - 10. Calculate m(12).
2
Let f(a) = a - 11. What is f(12)?
1
Let q(c) = -c**2 + 21*c - 53. Determine q(18).
1
Let g(j) = 30*j - 281. Calculate g(9).
-11
Let r(w) = 2*w**3 - 3*w**2 - 2*w. What is r(3)?
21
Let z(q) = q**2 - 21*q - 15. Give z(21).
-15
Let o(g) = -g**3 + 10*g**2 + 76*g - 1. Give o(15).
14
Let w(x) = x**3 + 9*x**2 - 20*x + 21. Give w(-11).
-1
Let u(a) = 3*a - 1. Determine u(-8).
-25
Let d(u) = 18*u - 159. What is d(9)?
3
Let o(i) = -16*i + 11. What is o(6)?
-85
Let a(s) = -s**3 + 17*s**2 - 10*s - 20. Calculate a(16).
76
Let i(r) = -2*r**2 + 13*r + 4. Calculate i(7).
-3
Let y(v) = -v**3 + v**2 - 2*v + 41. What is y(0)?
41
Let g(x) = x**2 + x + 5. Determine g(-3).
11
Let y(l) = -l**2 + 24*l + 19. Give y(26).
-33
Let f(w) = 4*w - 33. Determine f(11).
11
Let d(y) = y**2 - 5*y - 4. Calculate d(-4).
32
Let k(v) = v**2 + 8*v + 20. Determine k(-3).
5
Let a(q) = q**2 + 6*q - 6. Calculate a(-7).
1
Let d(i) = 4*i**2 + 37*i + 4. Determine d(-8).
-36
Let t(v) = -v**3 + v**2 + v + 80. What is t(0)?
80
Let q(u) = -2*u + 18. Give q(7).
4
Let o(z) = -z + 4. What is o(0)?
4
Let o(t) = -t**3 + 6*t**2 - 7*t + 16. Give o(5).
6
Let f(y) = -y + 4. Determine f(6).
-2
Let r(l) = -9*l + 70. Give r(7).
7
Let m(r) = -r**2 - 20*r - 64. What is m(-13)?
27
Let a(w) = 8*w + 162. Determine a(-21).
-6
Let k(b) = -b**2 - 10*b - 6. What is k(-10)?
-6
Let m(z) = 10*z**2 - 10*z - 24. Determine m(-3).
96
Let x(m) = m**3 + 7*m**2 - 9*m - 12. What is x(-8)?
-4
Let r(o) = -48*o**3 + o**2 - 2*o + 1. Give r(1).
-48
Let c(h) = 23*h - 186. Calculate c(7).
-25
Let j(h) = 6*h - 2. Determine j(-2).
-14
Let q(v) = 15*v + 4. What is q(-3)?
-41
Let g(p) = -p**3 - 11*p**2 - 16*p + 2. Give g(-8).
-62
Let o(p) = 12*p - 40. Calculate o(10).
80
Let i(n) = -n**3 - 8*n**2 - 7*n - 4. Calculate i(-5).
-44
Let s(d) = -d**2 - 5*d - 1. Calculate s(-8).
-25
Let o(r) = -r**3 - 5*r**2 + 11*r + 9. What is o(-7)?
30
Let n(q) = -q**3 + 12*q**2 + 14*q - 8. Give n(13).
5
Let k(u) = -u**3 - 9*u**2 - 4*u - 20. Calculate k(-8).
-52
Let f(g) = -7*g**2 - 3*g - 3. Determine f(-2).
-25
Let j(f) = 10*f + 8. What is j(1)?
18
Let v(q) = -q. Give v(-5).
5
Let c(x) = x**3 + 5*x**2 + 5*x - 7. Determine c(-5).
-32
Let x(p) = -p**3 - 17*p**2 - 19*p - 46. Determine x(-16).
2
Let r(o) = 2*o - 15. What is r(5)?
-5
Let j(o) = o**2 + 4*o - 1. Calculate j(-6).
11
Let c(p) = p**2 - 6*p - 9. Give c(8).
7
Let v(n) = -3*n + 2. Determine v(-4).
14
Let r(g) = g**3 + 10*g**2 + 7*g - 5. Determine r(-9).
13
Let g(f) = -f**3 - 16*f**2 - 16*f - 22. Give g(-15).
-7
Let p(a) = -a**3 - 12*a**2 + 9*a - 51. What is p(-13)?
1
Let c(n) = -n**3 + 7*n**2 - 8*n + 12. Give c(5).
22
Let g(y) = 15*y + 2. What is g(-1)?
-13
Let a(l) = l**2 - l + 53. Calculate a(0).
53
Let r(w) = w**2 + 8*w + 11. Calculate r(-3).
-4
Let i(v) = -v**2 + 7*v + 22. Give i(8).
14
Let c(k) = k**3 + 6*k**2 - 3*k + 22. Calculate c(-6).
40
Let k(w) = -49*w + 292. Determine k(6).
-2
Let y(f) = 3*f + 11. Calculate y(-8).
-13
Let j(n) = n**3 + 9*n**2 + 4. Determine j(-9).
4
Let g(h) = -h**2 - 2*h - 20. Determine g(-4).
-28
Let h(w) = -w**3 - 6*w**2 + 8*w - 6. Determine h(-7).
-13
Let a(i) = -36*i**3 + i**2 - 3*i - 3. What is a(-1)?
37
Let n(q) = -q**3 - 5*q**2 + 3*q + 4. Calculate n(-5).
-11
Let w(s) = -s**2 - 12*s + 5. Calculate w(-12).
5
Let g(f) = -2*f**3 - 7*f**2 + 4. Determine g(-3).
-5
Let t(r) = -16*r**2 + 2*r - 2. Calculate t(1).
-16
Let c(h) = 5*h - 9. What is c(0)?
-9
Let x(j) = -13*j**3 - j**2 + j - 1. Calculate x(1).
-14
Let o(w) = -w**3 + w**2 + 9*w + 3. Give o(4).
-9
Let v(r) = 3*r + 1. Calculate v(-9).
-26
Let t(c) = 5*c - 65. What is t(12)?
-5
Let x(q) = 2*q + 14. Calculate x(-12).
-10
Let b(v) = 4*v + 20. Give b(-4).
4
Let a(c) = 6*c**2 + 40*c - 15. Give a(-7).
-1
Let y(r) = -r**2. Determine y(-2).
-4
Let l(x) = -x**2 + 12*x - 15. Give l(10).
5
Let s(f) = f**2 - 14*f + 32. Determine s(12).
8
Let o(g) = g**3 - 12*g**2 + 22*g - 127. Calculate o(11).
-6
Let m(s) = s**3 - 7*s**2 + 6*s + 14. What is m(6)?
14
Let g(a) = a**3 - 8*a**2 + 10*a - 10. Determine g(6).
-22
Let r(o) = -o**3 + 6*o**2 - 9*o + 4. Determine r(4).
0
Let y(h) = -42*h + 5. What is y(2)?
-79
Let t(i) = -i + 39. Give t(34).
5
Let w(f) = f**2 - 9*f - 57. What is w(13)?
-5
Let i(y) = y**3 - 3*y**2 + 3*y - 4. Calculate i(3).
5
Let f(b) = -3*b - 15. What is f(-11)?
18
Let w(s) = -s**3 - 6*s**2 + 3*s - 9. What is w(-7)?
19
Let x(v) = -3*v - 27. Give x(-8).
-3
Let f(m) = 12*m + 5. What is f(5)?
65
Let r(a) = a**3 + 7*a**2 - 7*a + 17. Determine r(-8).
9
Let w(v) = 12*v - 75. What is w(6)?
-3
Let q(y) = -5*y + 1. Determine q(3).
-14
Let k(x) = x**3 + 6*x**2 + 2*x + 4. Give k(-4).
28
Let v(g) = -g**3 + 22*g**2 - 22*g + 22. What is v(21)?
1
Let l(g) = -g**3 + 40*g**2 - 3*g + 117. Calculate l(40).
-3
Let h(w) = -7*w**2 - 2*w + 1. What is h(1)?
-8
Let d(t) = 23*t**2 + 3*t - 2. Give d(1).
24
Let m(c) = -c**3 + 5*c**2 - 6. Give m(4).
10
Let o(i) = 2*i**2 + 10*i - 1. What is o(-8)?
47
Let t(k) = -k**2 + 19*k - 42. Calculate t(15).
18
Let s(v) = v**2 + v. Give s(0).
0
Let j(d) = d**2 - 49*d - 218. Give j(53).
-6
Let b(q) = -6*q - 231. What is b(-33)?
-33
Let u(o) = o**3 + 9*o**2 + 5*o - 4. Calculate u(-8).
20
Let w(r) = -r**3 - 7*r**2 + 5*r + 8. Calculate w(-7).
-27
Let q(r) = 71*r + 413. What is q(-6)?
-13
Let h(w) = -w**2 - 24*w - 79. Give h(-14).
61
Let v(m) = m**3 - 5*m**2 - 6*m - 5. Give v(6).
-5
Let b(q) = -52*q**2 + q - 2. Determine b(1).
-53
Let q(i) = -i**3 + 9*i**2 + 16*i - 14. What is q(10)?
46
Let v(c) = 11*c + 322. Determine v(-28).
14
Let u(g) = -g**3 - 6*g**2 - 9*g - 4. Give u(-4).
0
Let h(k) = -10*k**3 - 5*k**2 + 3*k + 2. Determine h(1).
-10
Let i(r) = -r**3 - 52*r**2 - 3*r - 167. Calculate i(-52).
-11
Let r(n) = n + 32. Calc